{"id":268,"date":"2024-05-28T11:57:48","date_gmt":"2024-05-28T11:57:48","guid":{"rendered":"https:\/\/elisabethlouy.com\/Line-Emotion\/?page_id=268"},"modified":"2024-05-28T11:57:48","modified_gmt":"2024-05-28T11:57:48","slug":"nomad-elisabeth-louy-en-un-trazo","status":"publish","type":"page","link":"https:\/\/elisabethlouy.com\/Line-Emotion\/nomad-elisabeth-louy-en-un-trazo\/","title":{"rendered":"Nomad: Elisabeth Louy en un trazo"},"content":{"rendered":"<h4><span style=\"color: #000000;\"><em>Nomad<\/em>: Elisabeth Louy en un trazo<\/span><\/h4>\n<p><span style=\"color: #000000;\"><em>Antonio Mart\u00ednez Beneyto, periodista<\/em><\/span><\/p>\n<p><span style=\"color: #000000;\">El trazo de Elisabeth Louy emerge del papel en blanco para, desde lo b\u00e1sico, llegar a la globalidad de lo que nos quiere contar. Ese trazo gestual que capta un segundo de una vida, de una mirada, de una respiraci\u00f3n y que nos descubre el mundo sensorial y experiencial de esta artista ibicenca.<\/span><\/p>\n<p><span style=\"color: #000000;\">Una pintora que en esta exposici\u00f3n nos abre una ventana a su ser. Esa Elisabeth n\u00f3mada, educada y formada en culturas milenarias, y que ha ido confront\u00e1ndose y esculpi\u00e9ndose con las vivencias reales de sociedades contempor\u00e1neas. El deber ser, el querer ser y la realidad, que sumados y agitados dan como resultado el universo de Elisabeth.<\/span><\/p>\n<p><span style=\"color: #000000;\">Ese espacio que la artista contaba a trav\u00e9s del trazo negro sobre papeles n\u00f3madas llegados de otros continentes en los que empieza a emerger el color, con fuerza, ocupando espacios que con anterioridad quedaban desnudos, en blanco, y que surgen para reforzar el mensaje de cada una de las obras. Cromatismos que nacen en los dibujos de personas y que cobran mayor protagonismo en sus paisajes.&nbsp; Elisabeth Louy evoluciona su trabajo con el color, un nuevo camino art\u00edstico en el que vivir y ser.<\/span><\/p>\n<p><span style=\"color: #000000;\">En esta exposici\u00f3n, trae su nueva obra y la ofrece acompa\u00f1ada de cuadros significativos de etapas anteriores que nos ayudan a comprender su universo creativo y su esp\u00edritu n\u00f3mada.<\/span><\/p>\n<p>&nbsp;<\/p>\n<p><span style=\"color: #000000;\">Galeria Obra 23 Ibiza&nbsp; 26 de Abril hasta el 15 de Junio<\/span><\/p>\n","protected":false},"excerpt":{"rendered":"<p>Nomad: Elisabeth Louy en un trazo Antonio Mart\u00ednez Beneyto, periodista El trazo de Elisabeth Louy emerge del papel en blanco para, desde lo b\u00e1sico, llegar a la globalidad de lo que nos quiere contar. Ese trazo gestual que capta un segundo de una vida, de una mirada, de una respiraci\u00f3n y que nos descubre el [&hellip;]<\/p>\n","protected":false},"author":1,"featured_media":0,"parent":0,"menu_order":0,"comment_status":"closed","ping_status":"closed","template":"","meta":{"ngg_post_thumbnail":0,"footnotes":""},"_links":{"self":[{"href":"https:\/\/elisabethlouy.com\/Line-Emotion\/wp-json\/wp\/v2\/pages\/268"}],"collection":[{"href":"https:\/\/elisabethlouy.com\/Line-Emotion\/wp-json\/wp\/v2\/pages"}],"about":[{"href":"https:\/\/elisabethlouy.com\/Line-Emotion\/wp-json\/wp\/v2\/types\/page"}],"author":[{"embeddable":true,"href":"https:\/\/elisabethlouy.com\/Line-Emotion\/wp-json\/wp\/v2\/users\/1"}],"replies":[{"embeddable":true,"href":"https:\/\/elisabethlouy.com\/Line-Emotion\/wp-json\/wp\/v2\/comments?post=268"}],"version-history":[{"count":1,"href":"https:\/\/elisabethlouy.com\/Line-Emotion\/wp-json\/wp\/v2\/pages\/268\/revisions"}],"predecessor-version":[{"id":269,"href":"https:\/\/elisabethlouy.com\/Line-Emotion\/wp-json\/wp\/v2\/pages\/268\/revisions\/269"}],"wp:attachment":[{"href":"https:\/\/elisabethlouy.com\/Line-Emotion\/wp-json\/wp\/v2\/media?parent=268"}],"curies":[{"name":"wp","href":"https:\/\/api.w.org\/{rel}","templated":true}]}}

<h4><span style="color: #000000;"><em>Nomad</em>: Elisabeth Louy en un trazo</span></h4>
<p><span style="color: #000000;"><em>Antonio Martínez Beneyto, periodista</em></span></p>
<p><span style="color: #000000;">El trazo de Elisabeth Louy emerge del papel en blanco para, desde lo básico, llegar a la globalidad de lo que nos quiere contar. Ese trazo gestual que capta un segundo de una vida, de una mirada, de una respiración y que nos descubre el mundo sensorial y experiencial de esta artista ibicenca.</span></p>
<p><span style="color: #000000;">Una pintora que en esta exposición nos abre una ventana a su ser. Esa Elisabeth nómada, educada y formada en culturas milenarias, y que ha ido confrontándose y esculpiéndose con las vivencias reales de sociedades contemporáneas. El deber ser, el querer ser y la realidad, que sumados y agitados dan como resultado el universo de Elisabeth.</span></p>
<p><span style="color: #000000;">Ese espacio que la artista contaba a través del trazo negro sobre papeles nómadas llegados de otros continentes en los que empieza a emerger el color, con fuerza, ocupando espacios que con anterioridad quedaban desnudos, en blanco, y que surgen para reforzar el mensaje de cada una de las obras. Cromatismos que nacen en los dibujos de personas y que cobran mayor protagonismo en sus paisajes.&nbsp; Elisabeth Louy evoluciona su trabajo con el color, un nuevo camino artístico en el que vivir y ser.</span></p>
<p><span style="color: #000000;">En esta exposición, trae su nueva obra y la ofrece acompañada de cuadros significativos de etapas anteriores que nos ayudan a comprender su universo creativo y su espíritu nómada.</span></p>
<p>&nbsp;</p>
<p><span style="color: #000000;">Galeria Obra 23 Ibiza&nbsp; 26 de Abril hasta el 15 de Junio</span></p>

<p>Nomad: Elisabeth Louy en un trazo Antonio Martínez Beneyto, periodista El trazo de Elisabeth Louy emerge del papel en blanco para, desde lo básico, llegar a la globalidad de lo que nos quiere contar. Ese trazo gestual que capta un segundo de una vida, de una mirada, de una respiración y que nos descubre el [&hellip;]</p>
